{"id":95,"date":"2025-09-11T09:13:17","date_gmt":"2025-09-11T09:13:17","guid":{"rendered":"http:\/\/reemploibtphautcantal.fr\/?page_id=95"},"modified":"2025-09-24T13:27:40","modified_gmt":"2025-09-24T13:27:40","slug":"questionnaire","status":"publish","type":"page","link":"https:\/\/reemploibtphautcantal.fr\/index.php\/questionnaire\/","title":{"rendered":"QUESTIONNAIRE"},"content":{"rendered":"\n<div class=\"wp-block-group has-white-background-color has-background is-layout-flow wp-block-group-is-layout-flow\" style=\"padding-top:var(--wp--preset--spacing--80);padding-right:0;padding-bottom:var(--wp--preset--spacing--80);padding-left:0\"><h1 style=\"font-style:normal;font-weight:700;\" class=\"has-text-align-center wp-block-site-title has-medium-font-size\"><a href=\"https:\/\/reemploibtphautcantal.fr\" target=\"_self\" rel=\"home\">R\u00c9EMPLOI BTP HAUT CANTAL<\/a><\/h1>\n\n\n<p><\/p>\n\n\n\n<p class=\"has-text-align-center\">Que vous soyez un \u00e9lu porteur d\u2019un projet, un habitant r\u00e9novant sa maison, un artisan du BTP ou encore architecte ou amateur de bricolage,&#8230; ce questionnaire permettra de conna\u00eetre vos habitudes, vos pratiques, votre avis, votre int\u00e9r\u00eat sur le sujet du r\u00e9emploi des Mat\u00e9riaux de construction (PMCB).<\/p>\n\n\n\n<p class=\"has-text-align-center\"><br>Vous \u00eates\u00a0:<\/p>\n\n\n\n<div style=\"height:20px\" aria-hidden=\"true\" class=\"wp-block-spacer\"><\/div>\n\n\n\n<div class=\"wp-block-buttons is-content-justification-center is-layout-flex wp-container-core-buttons-is-layout-a89b3969 wp-block-buttons-is-layout-flex\">\n<div class=\"wp-block-button has-custom-width wp-block-button__width-100\"><a class=\"wp-block-button__link wp-element-button\" href=\"https:\/\/rbtphc.limesurvey.net\/587374?lang=fr\">UN PARTICULIER<\/a><\/div>\n\n\n\n<div class=\"wp-block-button has-custom-width wp-block-button__width-100\"><a class=\"wp-block-button__link wp-element-button\" href=\"https:\/\/rbtphc.limesurvey.net\/679283?newtest=Y&amp;lang=fr\">UNE ENTREPRISE DU SECTEUR DU BTP (artisan, architecte, bureau d&#8217;\u00e9tude&#8230;)<\/a><\/div>\n\n\n\n<div class=\"wp-block-button has-custom-width wp-block-button__width-100\"><a class=\"wp-block-button__link wp-element-button\" href=\"https:\/\/rbtphc.limesurvey.net\/687812?newtest=Y&amp;lang=fr\">UNE ENTREPRISE HORS BTP (administration publique, collectivit\u00e9, association, commerce)<\/a><\/div>\n<\/div>\n<\/div>\n","protected":false},"excerpt":{"rendered":"<p>Que vous soyez un \u00e9lu porteur d\u2019un projet, un habitant r\u00e9novant sa maison, un artisan du BTP ou encore architecte ou amateur de bricolage,&#8230; ce questionnaire permettra de conna\u00eetre vos habitudes, vos pratiques, votre avis, votre int\u00e9r\u00eat sur le sujet du r\u00e9emploi des Mat\u00e9riaux de construction (PMCB). Vous \u00eates\u00a0:<\/p>\n","protected":false},"author":1,"featured_media":0,"parent":0,"menu_order":0,"comment_status":"closed","ping_status":"closed","template":"","meta":{"footnotes":""},"class_list":["post-95","page","type-page","status-publish","hentry"],"_links":{"self":[{"href":"https:\/\/reemploibtphautcantal.fr\/index.php\/wp-json\/wp\/v2\/pages\/95","targetHints":{"allow":["GET"]}}],"collection":[{"href":"https:\/\/reemploibtphautcantal.fr\/index.php\/wp-json\/wp\/v2\/pages"}],"about":[{"href":"https:\/\/reemploibtphautcantal.fr\/index.php\/wp-json\/wp\/v2\/types\/page"}],"author":[{"embeddable":true,"href":"https:\/\/reemploibtphautcantal.fr\/index.php\/wp-json\/wp\/v2\/users\/1"}],"replies":[{"embeddable":true,"href":"https:\/\/reemploibtphautcantal.fr\/index.php\/wp-json\/wp\/v2\/comments?post=95"}],"version-history":[{"count":8,"href":"https:\/\/reemploibtphautcantal.fr\/index.php\/wp-json\/wp\/v2\/pages\/95\/revisions"}],"predecessor-version":[{"id":155,"href":"https:\/\/reemploibtphautcantal.fr\/index.php\/wp-json\/wp\/v2\/pages\/95\/revisions\/155"}],"wp:attachment":[{"href":"https:\/\/reemploibtphautcantal.fr\/index.php\/wp-json\/wp\/v2\/media?parent=95"}],"curies":[{"name":"wp","href":"https:\/\/api.w.org\/{rel}","templated":true}]}}